 common divisor of m and 3668.
28
Suppose 56*d - 51*d = 5*b - 85, b + 1 = -5*d. What is the highest common factor of 6986 and b?
14
Let i be -1 - ((-1 - 2) + 2)*0. Let q be i*-2*(-100)/(-8). Let x be (-30)/q*-10 + 3 + -1. Calculate the highest common divisor of 140 and x.
14
Let b be (86/(-16) - -1)*-3374 + (-119)/476. What is the greatest common divisor of 29 and b?
29
Let n(b) = b**2 - 6*b - 4. Let h(p) = p**3 + 21*p**2 + 19*p - 28. Let d be h(-20). Let y be n(d). Calculate the greatest common divisor of 4 and y.
4
Let n be 918/170*(1 - (-8)/12). Let s be (-278)/((-1)/1) - -1. What is the highest common factor of n and s?
9
Let g be ((-20)/(-8) - 4)*-24. Let w(b) = -5*b - 67. Let q be w(-35). What is the highest common divisor of g and q?
36
Suppose 3*u + 403 - 878 = -376. Calculate the greatest common divisor of 93 and u.
3
Let m(b) = b**2 - 24*b - 80. Let z be m(28). Suppose 21*j = z*j - 176. What is the highest common divisor of j and 32?
16
Suppose 46*z - 158*z + 5152 = 0. Calculate the greatest common factor of z and 43562.
46
Suppose 5*i - 296 = 3*q + 2612, 3*i = 2*q + 1744. Let f be (100/(-300))/(1/(-75)) - 17. What is the greatest common divisor of f and i?
8
Let c = 411 - 387. Let q(n) = 3*n**3 - 3*n**2 - 2*n + 30. Let d be q(0). Calculate the greatest common divisor of c and d.
6
Let n = 50 - 30. Suppose 40 = 3*r - n. Let l = -5420 + 5500. What is the greatest common factor of r and l?
20
Let f = 6477 + -4743. What is the greatest common divisor of f and 136?
34
Suppose s = 2*b + 137 + 69, -5*s + 2*b = -1006. Calculate the highest common factor of 568 and s.
8
Suppose 4*h + 2*l = 23 + 49, -l = -2*h + 44. Suppose h = 12*m + 56. Let f be 6 - 6 - 19*m. Calculate the greatest common factor of f and 3.
3
Let l = -205 - -210. Suppose 4*i - 666 = l*n, 0 = -16*i + 12*i - 5*n + 646. Calculate the greatest common divisor of 41 and i.
41
Let h be 107/2 + (-1)/(-2). Suppose -2*v + 2*u = -5*v + 1205, -3*v + 1220 = -u. Suppose w + 2*w - v = 0. Calculate the highest common divisor of w and h.
27
Suppose -6 = -2*q - 0, -5*q + 411 = 2*b. Suppose 575 + 6333 = 157*r. Calculate the greatest common factor of b and r.
22
Suppose -3*w + 27 = 0, -5130 = -149*z + 137*z - 2*w. Calculate the greatest common divisor of z and 30.
6
Let t be (-1 + -4)*(0 + 2/(-10)). Let n be 4/(-3) + t - 762/(-18). Let s = n - 26. Calculate the highest common divisor of s and 40.
8
Let a(r) = 38*r**3 - r**2 + 1. Let x be a(1). Let k = -17 + x. Let t be (0 + -2)/(74/(-111)). Calculate the greatest common factor of t and k.
3
Let t be 12/10 - 1/5. Let h(m) = 33*m**3 + 2*m**2 - 7*m + 5. Let y be h(t). What is the highest common divisor of 176 and y?
11
Let t be 312 - (9 - 3 - (11 - -5)). What is the greatest common divisor of 98 and t?
14
Let i(q) = 156*q**2. Let c be i(1). Let s be c/24 + 1 + 6/(-4). Suppose 0*z + 150 = s*z. What is the highest common factor of z and 10?
5
Suppose 208*m = -118*m + 43231 + 7299. What is the highest common divisor of m and 4495?
155
Suppose -8*b - 920 = -18*b. Let l = b + -35. Calculate the greatest common divisor of l and 171.
57
Suppose j - 144 = -2*u - 3*j, -u + 48 = -4*j. Let g be ((-12)/(-5) + 4)/(1/15). What is the highest common divisor of g and u?
32
Let y(n) = -51*n - 351. Let u be y(-7). Calculate the highest common factor of 1641 and u.
3
Suppose 0 = 2*z - 6*z + 2*h + 10, 9 = 4*z - h. Let o be z + (-3*1 - 528/(-6)). What is the highest common divisor of o and 29?
29
Suppose 654*t + 177800 = 674*t. What is the greatest common divisor of 14 and t?
14
Let g be (7 - 17)/5 + (1 - 43)/(-3). Calculate the greatest common divisor of 1473 and g.
3
Suppose 3*x + 10*x - 52 = 0. Suppose 7*f - 3*f = 0. Suppose f = -4*j + 50 - 2. What is the greatest common factor of j and x?
4
Suppose 7*x - 6 = 4*x. Suppose 0 = -v - 1, -h + x*v + 3*v - 2250 = 0. Let w be h/(-22) + 1/(-2). Calculate the greatest common divisor of w and 68.
34
Let l(f) = -46*f**2. Let u be l(-1). Let v = u - -150. Calculate the highest common factor of 8 and v.
8
Let f be 24/156 + (-9171)/39. Let v = -155 - f. What is the highest common divisor of v and 200?
40
Let i(c) = 6*c**2 - 29*c + 44. Let f be i(12). What is the greatest common factor of 630 and f?
70
Suppose 3145 - 3197 = -4*s. What is the highest common divisor of s and 3263?
13
Suppose 5*w + 152 - 636 = 3*n, 2*n - 76 = -w. Calculate the highest common factor of w and 556.
4
Suppose 0 = 2*f + 3*f - 5*p - 195, -4*f + 2*p + 146 = 0. Let m be 111 - (7 + 3 + -7). Suppose -37*w + m = -f*w. What is the greatest common factor of 54 and w?
18
Suppose 2*l + 82 = k + 65, -22 = 2*k + 3*l. Suppose 5*d = 25, -3*p + 2*p = 5*d - 14. Let t be 2/11 + (-75)/p. What is the highest common divisor of k and t?
1
Let m(f) = 41*f - 1. Let r be m(1). Let p(j) = -3*j**2 + 22. Let a be p(3). Let k be (14 + -3)*5 - a. Calculate the greatest common divisor of r and k.
20
Let z = -272 + 232. Let s = 142 + z. Calculate the greatest common factor of s and 153.
51
Suppose 9*n - 229 + 4 = 0. Let f = 105 + n. Calculate the greatest common factor of f and 52.
26
Let b = 31 + -29. Suppose 0 = 4*c + 2*s - 12, -3*s + 5*s = 3*c - b. Let k be -4 + 2 + (40 - c). Calculate the highest common factor of k and 4.
4
Suppose 0 = -5*u - 35, -59*u + 39*u - 2495 = -3*n. What is the greatest common divisor of 7536 and n?
157
Suppose 0 = 5*r - 52 - 8. Let f(j) = j**2 - 37*j + 420. Let v be f(13). Calculate the greatest common divisor of v and r.
12
Let p(v) = v**2 - 4*v - 10. Let f be p(-2). Let w be 3 + (0 - ((-33)/(-1))/(-1)). Suppose s + w = 7*s. What is the greatest common divisor of f and s?
2
Let r(n) be the second derivative of -n**5/20 + 5*n**4/4 - 19*n**3/6 - 23*n**2/2 - 152*n. Let l be r(11). Calculate the highest common divisor of 28 and l.
28
Let y(s) = -s**3 + 23*s**2 - 87*s + 39. Let q be y(8). What is the greatest common divisor of 21 and q?
3
Suppose -27*m - 25339 = -4*s - 26*m, 0 = -3*s - m + 19013. Calculate the highest common factor of 99 and s.
99
Suppose 64*p - 218*p + 16632 = 0. What is the highest common factor of p and 54?
54
Let h(o) = -26*o + 6. Let n be h(1). Let t be (1 - 4)*n/(-6). Let d be (t/(-25))/((-3)/(-105)). Calculate the highest common divisor of d and 126.
14
Let t = -190 + 238. Let h = 97 - t. Calculate the greatest common divisor of 28 and h.
7
Let m(t) = -3*t**3 - t**2 + 122*t + 206. Let w be m(0). Calculate the greatest common factor of 1442 and w.
206
Suppose 109 = 3*l + 5*d, -11*d + 6*d = -3*l + 59. Suppose 33*o - 245 = l*o. What is the highest common factor of o and 1127?
49
Let x = -714 + 727. Suppose -30*d = x*d - 387. What is the highest common factor of 234 and d?
9
Suppose 25*a = 22*a - 30. Let z be (a - -18)/(2/(-4)). Let w be -2 - z/(0 - -2). Calculate the greatest common divisor of w and 3.
3
Suppose -5*o - 14 = -12*o. Suppose -o*b + 6 = -2. Let m(u) = u**3 - 2*u**2 - 2*u. Let w be m(b). Calculate the greatest common factor of 60 and w.
12
Suppose 166*z = 164*z + 32. Let w be (-90)/(-4) + ((-8)/z - 1). Calculate the highest common factor of w and 483.
21
Let u = 4168 + -4129. Calculate the highest common divisor of u and 975.
39
Suppose 5*q - 1798 = 1422. Let z be (0 + 21/(-18))/(21/(-504)). Calculate the highest common factor of z and q.
28
Let x be 256/(-4*6/(-60)). Suppose 6*o = 1684 - x. What is the greatest common divisor of 12 and o?
6
Let q be (105*1)/((-24)/16). Let z be 3295/70 + 5/q. Suppose 471 + 93 = 3*b. Calculate the highest common divisor of b and z.
47
Let w = 491 - -226. What is the greatest common divisor of 7409 and w?
239
Let g = 354 - 644. Let r = 322 + g. What is the greatest common divisor of r and 8?
8
Let h = 19144 - 18979. Calculate the highest common divisor of 55 and h.
55
Let k = -6055 - -6940. What is the highest common factor of 75 and k?
15
Let h(r) = r**3 + 85*r**2 - 57*r - 115. Let n be h(-84). What is the greatest common factor of n and 37?
37
Suppose -242 = n + 14*v - 13*v, 5*n = -4*v - 1210. Let k = -233 - n. What is the greatest common divisor of k and 306?
9
Let m = -9842 - -9954. Calculate the highest common divisor of 2856 and m.
56
Let v(d) = 13*d**2 + 21*d - 328. Let m be v(11). What is the highest common factor of 287 and m?
41
Suppose 5*f - 108 = -4*v + 2*v, -162 = -3*v + 2*f. 